 328?
328
What is the greatest common factor of 23 and 346932?
23
Calculate the highest common divisor of 22341 and 66.
33
Calculate the greatest common factor of 340 and 34765.
85
Calculate the greatest common factor of 5208 and 5704.
248
Calculate the greatest common factor of 152 and 613472.
152
Calculate the greatest common factor of 291376 and 112.
16
What is the highest common divisor of 29772 and 108?
36
Calculate the highest common divisor of 1834 and 1310.
262
What is the greatest common divisor of 255 and 26673?
51
Calculate the greatest common factor of 27838 and 248.
62
What is the greatest common divisor of 853 and 598806?
853
Calculate the greatest common factor of 105139 and 47.
47
What is the greatest common factor of 40 and 17348?
4
What is the greatest common divisor of 819 and 1233?
9
What is the highest common factor of 956954 and 38?
38
Calculate the highest common factor of 364 and 6692.
28
What is the highest common factor of 1237 and 2945297?
1237
Calculate the greatest common divisor of 50078 and 146.
146
What is the highest common divisor of 37727 and 62?
31
What is the greatest common divisor of 4473 and 261?
9
What is the highest common factor of 7902 and 72?
18
What is the greatest common divisor of 10736 and 2288?
176
What is the greatest common divisor of 608 and 44352?
32
What is the greatest common factor of 98 and 287042?
98
What is the greatest common factor of 808 and 536?
8
What is the highest common factor of 55 and 4843905?
55
Calculate the greatest common factor of 59 and 9381.
59
Calculate the greatest common factor of 60 and 61980.
60
Calculate the greatest common divisor of 615048 and 4.
4
Calculate the highest common divisor of 41 and 10.
1
What is the greatest common divisor of 378 and 120672?
18
What is the greatest common divisor of 24600 and 29400?
600
Calculate the highest common divisor of 558141 and 345.
69
What is the highest common divisor of 18422 and 604?
302
Calculate the greatest common factor of 12288 and 588.
12
What is the highest common divisor of 586 and 4830398?
586
Calculate the highest common factor of 49491 and 42723.
423
What is the highest common factor of 34 and 5389?
17
What is the highest common divisor of 1480 and 3840?
40
Calculate the highest common factor of 237521 and 449.
449
Calculate the highest common divisor of 14084 and 58.
2
Calculate the highest common divisor of 14 and 93807.
7
What is the highest common divisor of 648338 and 1790?
358
What is the greatest common factor of 28 and 2836?
4
Calculate the greatest common factor of 90170 and 92710.
1270
Calculate the greatest common factor of 1928 and 3488.
8
What is the greatest common divisor of 1626 and 228453?
813
What is the highest common factor of 963852 and 744?
372
What is the highest common divisor of 719 and 20755373?
719
What is the greatest common divisor of 7158 and 438?
6
What is the greatest common factor of 29015 and 245?
35
Calculate the greatest common factor of 10 and 19010.
10
What is the greatest common factor of 7410 and 31200?
390
What is the greatest common divisor of 1080 and 2952?
72
Calculate the greatest common factor of 854798 and 210.
14
What is the highest common divisor of 41800 and 17325?
275
Calculate the highest common factor of 163058 and 266.
266
Calculate the greatest common divisor of 36086 and 8.
2
Calculate the highest common factor of 3725 and 1205.
5
Calculate the greatest common factor of 184022 and 606.
202
What is the highest common factor of 480909 and 114?
57
What is the highest common factor of 24180 and 56472?
156
Calculate the highest common divisor of 96 and 56096.
32
What is the highest common divisor of 187 and 187?
187
Calculate the highest common factor of 33060 and 1596.
228
Calculate the greatest common factor of 89608 and 46.
46
Calculate the highest common divisor of 1250 and 26750.
250
Calculate the greatest common factor of 11184 and 1248.
48
Calculate the highest common factor of 21743 and 544.
17
Calculate the highest common factor of 12395 and 1139.
67
Calculate the highest common factor of 279 and 7299.
9
Calculate the greatest common factor of 865 and 6054135.
865
What is the highest common factor of 74530 and 1595?
145
Calculate the highest common divisor of 3016 and 172666.
754
What is the greatest common factor of 9116 and 848?
212
What is the highest common divisor of 68 and 14399?
17
Calculate the greatest common divisor of 108 and 918.
54
Calculate the highest common divisor of 34 and 2818.
2
What is the highest common factor of 12 and 71088?
12
What is the greatest common divisor of 57 and 24529?
19
What is the highest common divisor of 770 and 63120?
10
What is the highest common factor of 9 and 9306?
9
Calculate the highest common divisor of 3564 and 1221.
33
What is the greatest common divisor of 338 and 144833?
169
Calculate the greatest common divisor of 18060 and 1491.
21
Calculate the highest common divisor of 278 and 102721.
139
Calculate the greatest common factor of 1432 and 316.
4
What is the greatest common divisor of 347684 and 204?
68
Calculate the highest common divisor of 399 and 4557.
21
What is the highest common divisor of 7 and 55243?
1
What is the highest common divisor of 133713 and 4233?
249
What is the highest common divisor of 136035 and 1305?
45
What is the greatest common factor of 18 and 9634?
2
What is the highest common factor of 142 and 332209?
71
What is the highest common divisor of 1558196 and 2212?
316
What is the highest common factor of 2180 and 732044?
436
Calculate the highest common factor of 9860 and 357860.
580
Calculate the greatest common divisor of 60 and 42555.
15
Calculate the greatest common divisor of 631943 and 13.
13
Calculate the highest common divisor of 14796 and 15552.
108
Calculate the greatest common divisor of 282 and 258.
6
Calculate the highest common factor of 27270 and 190.
10
What is the greatest common divisor of 1605 and 21507?
321
Calculate the highest common factor of 16 and 495664.
16
Calculate the greatest common divisor of 2512791 and 5436.
1359
What is the highest common factor of 10366 and 213?
71
Calculate the highest common divisor of 48 and 180496.
16
Calculate the highest common factor of 3731 and 169.
13
What is the greatest common factor of 130 and 160108?
26
Calculate the greatest common divisor of 128072 and 32.
8
Calculate the highest common factor of 25 and 268000.
25
Calculate the greatest common factor of 2052 and 79002.
1026
Calculate the highest common divisor of 3735 and 11340.
45
Calculate the greatest common factor of 4389 and 24717.
231
What is the greatest common divisor of 99 and 41701?
11
Calculate the greatest common factor of 416 and 21502.
26
Calculate the highest common factor of 179511 and 159.
159
Calculate the greatest common factor of 17835 and 51045.
615
What is the highest common divisor of 1120 and 20320?
160
What is the greatest common divisor of 402 and 42?
6
What is the highest common factor of 176 and 407?
11
What is the greatest common divisor of 30 and 52045?
5
Calculate the highest common divisor of 1603 and 616.
7
Calculate the greatest common divisor of 165 and 17193.
33
Calculate the greatest common divisor of 680 and 5832.
8
Calculate the greatest common factor of 6248 and 3053.
71
Calculate the highest common factor of 637 and 126.
7
Calculate the highest common divisor of 627 and 110561.
209
Calculate the highest common factor of 36 and 1953.
9
What is the highest common divisor of 273 and 1290471?
273
What is the greatest common divisor of 292671 and 837?
279
What is the highest common divisor of 1656886 and 294?
98
What is the highest common divisor of 285 and 1491090?
15
What is the highest common divisor of 65 and 273078?
13
Calculate the greatest common factor of 642909 and 3844.
961
Calculate the highest common divisor of 3190 and 506.
22
What is the highest common factor of 2920 and 15280?
40
What is the greatest common factor of 7938 and 810?
162
What is the highest common factor of 464 and 736?
16
What is the greatest common divisor of 28900 and 2700?
100
Calculate the highest common factor of 455190 and 6.
6
Calculate the highest common divisor of 439644 and 300.
12
Calculate the greatest common factor of 54208 